{"id":108,"date":"2023-01-27T12:26:43","date_gmt":"2023-01-27T12:26:43","guid":{"rendered":"https:\/\/ferienwohnung-barthel.de\/?page_id=108"},"modified":"2025-10-13T15:47:10","modified_gmt":"2025-10-13T15:47:10","slug":"impressum","status":"publish","type":"page","link":"https:\/\/ferienwohnung-barthel.de\/?page_id=108","title":{"rendered":"Impressum"},"content":{"rendered":"\n<h2>Impressum<\/h2><p>Anne Barthel<br>Knappensiedlung 2<br>58456 Witten<\/p><p>\nTelefon: +492302 1780213 oder +49177 3369248<br>E-Mail: <a href=\"mailto:manuel@manusserver.de\">info(at)ferienwohnung-barthel.de<\/a><br><\/p><br><br><h2>Disclaimer \u2013 rechtliche Hinweise<\/h2>\u00a7 1 Warnhinweis zu Inhalten<br>Die kostenlosen und frei zug\u00e4nglichen Inhalte\ndieser Webseite wurden mit gr\u00f6\u00dftm\u00f6glicher Sorgfalt erstellt. Der Anbieter dieser\nWebseite \u00fcbernimmt jedoch keine Gew\u00e4hr f\u00fcr die Richtigkeit und Aktualit\u00e4t der b\nereitgestellten kostenlosen und frei zug\u00e4nglichen journalistischen Ratgeber und\nNachrichten. Namentlich gekennzeichnete Beitr\u00e4ge geben die Meinung des jeweilige\nn Autors und nicht immer die Meinung des Anbieters wieder. Allein durch den Aufr\nuf der kostenlosen und frei zug\u00e4nglichen Inhalte kommt keinerlei Vertragsverh\u00e4lt\nnis zwischen dem Nutzer und dem Anbieter zustande, insoweit fehlt es am Rechtsbi\nndungswillen des Anbieters.<br><br>\u00a7 2 Externe Links<br>Diese Website enth\n\u00e4lt Verkn\u00fcpfungen zu Websites Dritter (&#8222;externe Links&#8220;). Diese Websites unterlie\ngen der Haftung der jeweiligen Betreiber. Der Anbieter hat bei der erstmaligen V\nerkn\u00fcpfung der externen Links die fremden Inhalte daraufhin \u00fcberpr\u00fcft, ob etwaig\ne Rechtsverst\u00f6\u00dfe bestehen. Zu dem Zeitpunkt waren keine Rechtsverst\u00f6\u00dfe ersichtli\nch. Der Anbieter hat keinerlei Einfluss auf die aktuelle und zuk\u00fcnftige Gestaltu\nng und auf die Inhalte der verkn\u00fcpften Seiten. Das Setzen von externen Links bed\neutet nicht, dass sich der Anbieter die hinter dem Verweis oder Link liegenden I\nnhalte zu Eigen macht. Eine st\u00e4ndige Kontrolle der externen Links ist f\u00fcr den An\nbieter ohne konkrete Hinweise auf Rechtsverst\u00f6\u00dfe nicht zumutbar. Bei Kenntnis vo\nn Rechtsverst\u00f6\u00dfen werden jedoch derartige externe Links unverz\u00fcglich gel\u00f6scht.<br><br>\u00a7 3 Urheber- und Leistungsschutzrechte<br>Die auf dieser Website ver\n\u00f6ffentlichten Inhalte unterliegen dem deutschen Urheber- und Leistungsschutzrech\nt. Jede vom deutschen Urheber- und Leistungsschutzrecht nicht zugelassene Verwer\ntung bedarf der vorherigen schriftlichen Zustimmung des Anbieters oder jeweilige\nn Rechteinhabers. Dies gilt insbesondere f\u00fcr Vervielf\u00e4ltigung, Bearbeitung, \u00dcber\nsetzung, Einspeicherung, Verarbeitung bzw. Wiedergabe von Inhalten in Datenbanke\nn oder anderen elektronischen Medien und Systemen. Inhalte und Rechte Dritter si\nnd dabei als solche gekennzeichnet. Die unerlaubte Vervielf\u00e4ltigung oder Weiterg\nabe einzelner Inhalte oder kompletter Seiten ist nicht gestattet und strafbar. L\nediglich die Herstellung von Kopien und Downloads f\u00fcr den pers\u00f6nlichen, privaten\nund nicht kommerziellen Gebrauch ist erlaubt.<br><br>Die Darstellung dieser\nWebsite in fremden Frames ist nur mit schriftlicher Erlaubnis zul\u00e4ssig.<br><br>\u00a7 4 Besondere Nutzungsbedingungen<br>Soweit besondere Bedingungen f\u00fcr einz\nelne Nutzungen dieser Website von den vorgenannten Paragraphen abweichen, wird a\nn entsprechender Stelle ausdr\u00fccklich darauf hingewiesen. In diesem Falle gelten\nim jeweiligen Einzelfall die besonderen Nutzungsbedingungen.<p>Quelle: <a href=\"\nhttps:\/\/www.juraforum.de\">Link hier klicken<\/a><\/p><\/b><\/b>\n\n\n<div class=\"logged-out wp-block-loginout\"><a href=\"https:\/\/ferienwohnung-barthel.de\/wp-login.php?redirect_to=https%3A%2F%2Fferienwohnung-barthel.de%2Findex.php%3Frest_route%3D%252Fwp%252Fv2%252Fpages%252F108\">Anmelden<\/a><\/div>","protected":false},"excerpt":{"rendered":"<p>Impressum Anne BarthelKnappensiedlung 258456 Witten Telefon: +492302 1780213 oder +49177 3369248E-Mail: info(at)ferienwohnung-barthel.de Disclaimer \u2013 rechtliche Hinweise \u00a7 1 Warnhinweis zu InhaltenDie kostenlosen und frei zug\u00e4nglichen Inhalte dieser Webseite wurden mit gr\u00f6\u00dftm\u00f6glicher Sorgfalt erstellt. Der Anbieter dieser Webseite \u00fcbernimmt jedoch keine Gew\u00e4hr f\u00fcr die Richtigkeit und Aktualit\u00e4t der b ereitgestellten kostenlosen und frei zug\u00e4nglichen journalistischen Ratgeber [&hellip;]<\/p>\n","protected":false},"author":1,"featured_media":0,"parent":0,"menu_order":0,"comment_status":"closed","ping_status":"closed","template":"","meta":{"footnotes":""},"class_list":["post-108","page","type-page","status-publish","hentry","post"],"_links":{"self":[{"href":"https:\/\/ferienwohnung-barthel.de\/index.php?rest_route=\/wp\/v2\/pages\/108","targetHints":{"allow":["GET"]}}],"collection":[{"href":"https:\/\/ferienwohnung-barthel.de\/index.php?rest_route=\/wp\/v2\/pages"}],"about":[{"href":"https:\/\/ferienwohnung-barthel.de\/index.php?rest_route=\/wp\/v2\/types\/page"}],"author":[{"embeddable":true,"href":"https:\/\/ferienwohnung-barthel.de\/index.php?rest_route=\/wp\/v2\/users\/1"}],"replies":[{"embeddable":true,"href":"https:\/\/ferienwohnung-barthel.de\/index.php?rest_route=%2Fwp%2Fv2%2Fcomments&post=108"}],"version-history":[{"count":9,"href":"https:\/\/ferienwohnung-barthel.de\/index.php?rest_route=\/wp\/v2\/pages\/108\/revisions"}],"predecessor-version":[{"id":329,"href":"https:\/\/ferienwohnung-barthel.de\/index.php?rest_route=\/wp\/v2\/pages\/108\/revisions\/329"}],"wp:attachment":[{"href":"https:\/\/ferienwohnung-barthel.de\/index.php?rest_route=%2Fwp%2Fv2%2Fmedia&parent=108"}],"curies":[{"name":"wp","href":"https:\/\/api.w.org\/{rel}","templated":true}]}}